4) - j/(-4). Suppose 5*g = 3*m + 106, -g = -m - h*m - 30. What is the remainder when 38 is divided by g?
18
Let f(c) = 14*c + 4. Let j be f(4). Suppose -g - 3*p - 17 = -0*p, 3*p - 15 = 0. Let k = j + g. What is the remainder when k is divided by 15?
13
Calculate the remainder when (-10719)/(-162) - (-2)/(-12) is divided by 14.
10
Let s = 109 + -32. Suppose 5*q = 24*u - 25*u - 9, u = q + 21. Calculate the remainder when s is divided by u.
13
Let l be (-2)/4 + (-54)/(-12). Suppose 11 = -l*b + 127. What is the remainder when b is divided by 8?
5
Let v = 44 - 25. Let o = 5 - 5. Suppose -5*q + 1 + v = o. Calculate the remainder when q is divided by 2.
0
Let d be 1*((-3)/1 - -1). Suppose -2*q = 4*n - 38, 0*n = -5*n + 2*q + 43. What is the remainder when d/1 + 0 - -19 is divided by n?
8
Calculate the remainder when 61 is divided by (16*1)/(1/2).
29
Let z(n) = 3 + n - 4*n + 5*n - 1. Calculate the remainder when 1/2 - 33/(-2) is divided by z(2).
5
Let c(u) = -u**3 + 8*u**2 - u - 10. Let g be c(7). Suppose 10 + 56 = -3*d. Let x = d + g. Calculate the remainder when 29 is divided by x.
9
Let a(v) = -2*v + 10. Let o be a(8). Let b be (-16)/o*(-12)/(-8). Suppose 4*q = -5*j + 75, -2*q + b*j + 2 = -16. What is the remainder when 29 is divided by q?
14
Suppose -x = 2*x - 30. Let z = -21 - 49. Let a = 98 + z. Calculate the remainder when a is divided by x.
8
Suppose 0 = -5*h + 37 - 12, 0 = b - 3*h + 44. Let w = b - -39. Calculate the remainder when w is divided by 6.
4
What is the remainder when 0 + 163 - (-1 + 5)/2 is divided by 18?
17
Suppose 3 = f - 0. Let a(d) = 6*d**2 + 4*d + 1. What is the remainder when a(f) is divided by 23?
21
Let a(c) be the third derivative of c**5/60 + c**4/4 - 4*c**3/3 - 4*c**2. What is the remainder when 93 is divided by a(-10)?
29
Suppose 1 = 11*s - 351. What is the remainder when 95 is divided by s?
31
Suppose 3*z + z = 0. Suppose 7*i - 3*l = 4*i + 24, 4*i + 5*l + 13 = 0. Suppose z = 3*b - i - 9. Calculate the remainder when b is divided by 3.
1
Let x = 41 - 28. Calculate the remainder when 37 is divided by x.
11
Let p(k) = -21*k**3 + k**2 + 1. Calculate the remainder when p(-2) is divided by 35.
33
Let n(i) = i**3 + 9*i**2 - i - 2. What is the remainder when 11 is divided by n(-9)?
4
Let l be 2 - 2 - 2*-10. Suppose m - l = k, -4*m + 3 + 95 = 2*k. What is the remainder when m is divided by 8?
7
Let j = -1 - -25. Let h be (-12)/(-9)*(-3)/(-2). Suppose 0*v + h*v + 2*k - 36 = 0, 5*v - 3*k = 50. What is the remainder when j is divided by v?
11
Calculate the remainder when 21/(-1)*(-4)/6 is divided by 5.
4
What is the remainder when 1544/12 - 16/36*-3 is divided by 45?
40
Suppose 3*h = 4*q - 261, 4*q = -q + h + 340. What is the remainder when q is divided by 18?
15
Suppose -4*h + 66 = 26. Let v = 60 + -33. Calculate the remainder when v is divided by h.
7
Let d be 4/(3 + 1) + -1. Let f = 29 + d. What is the remainder when 114 is divided by f?
27
Let v = 2 - 1. Let d be 4 + -2 + (2 - 0). Let l = 6 - d. What is the remainder when l is divided by v?
0
Let l = -3 - -8. What is the remainder when (-200)/(-14) + (-2)/7 is divided by l?
4
Let w(k) = k**2 + k. Suppose h - 18 = 4*h. Let r be w(h). Suppose 0 = -5*j - 10 + r. What is the remainder when j is divided by 2?
0
Let h(x) = -x**2 - 24*x + 37. Calculate the remainder when h(-18) is divided by 37.
34
Let k(y) = y**2 - 7*y. Let p be k(7). Let o = 1 - p. Let j(x) = 22*x. What is the remainder when j(o) is divided by 12?
10
Suppose 66 = 2*h + h. Calculate the remainder when h is divided by ((-25)/10 + 2)*-12.
4
Let l = 61 + -25. What is the remainder when l is divided by 19?
17
Suppose 5*s + 4*k = 44, 0 = -4*s - 5*k + k + 36. Suppose -i - i = -s. Suppose 0 = -2*n - 8, 4 = 4*b + 5*n. What is the remainder when b is divided by i?
2
Let a = 22 + -7. Let z(k) = -k - 2. What is the remainder when a is divided by z(-6)?
3
Suppose 4*h - d - 341 = 0, -3*d = 4*h - d - 350. Calculate the remainder when h is divided by 11.
9
Suppose -5*u - 188 = -4*l, 0 = 2*l - 7*u + 2*u - 84. Calculate the remainder when l is divided by 14.
10
Let s(g) = g - 8. What is the remainder when 12 is divided by s(13)?
2
Suppose -5*p + o + 163 = 0, 0*p + 2*p - 2*o - 70 = 0. Let g = p - 20. What is the remainder when 34 is divided by g?
10
Suppose 0 = -2*i + 15 - 5. Suppose 3*z + 52 = i*z. What is the remainder when z is divided by 14?
12
Suppose 0 = 3*z + 3, -3*x - 2*z - 9 = -106. Let p(h) = h**2 + 6*h - 8. Let y be p(-7). What is the remainder when x is divided by y/(1*1/(-17))?
16
Let d(c) = 10*c**2 + c - 7. What is the remainder when d(-3) is divided by 28?
24
Suppose 2*b = 5*y + 37, 0 = -b + y + 2*y + 17. Calculate the remainder when 77 is divided by b.
25
What is the remainder when 42 is divided by (2 - -4) + (-6)/(-2)?
6
Let g(d) = d + 1. Suppose 0*j + 2*j = 8. Suppose -3*z + 1 = 2*t, j*t + z - 2*z = 23. Calculate the remainder when 17 is divided by g(t).
5
Let s = 24 - 20. Suppose s*x + 0*x = -5*k + 73, -3*x + 11 = -5*k. Calculate the remainder when 44 is divided by x.
8
Let q(d) = -d**3 - 7*d**2 + 3*d - 5. Let k = 1 - -1. Suppose 18 = k*y - 2*f, 0 = -0*y - 5*y + 2*f + 54. What is the remainder when q(-8) is divided by y?
11
Let y(g) = 4*g**3 - 5*g**2 + 3*g - 1. Let t be y(3). Let p = t - 21. Calculate the remainder when p is divided by (-3)/(-6) + (-99)/(-6).
16
Let n = 16 - 1. What is the remainder when n is divided by 9?
6
Let k(y) = y**2 - 8*y - 12. Let d be k(9). Let u(j) = j**3 + 6*j**2 - 5*j - 4. Calculate the remainder when u(d) is divided by 20.
18
Let q = -98 - -182. Suppose -w + q = -5*w. Let m = 32 + w. Calculate the remainder when m is divided by 6.
5
Suppose 2*a + 158 = 4*a. Let p = -44 + a. What is the remainder when p is divided by 24/1*(-2)/(-4)?
11
Let y(t) = -t**2 - 5*t + 8. Let l be y(-6). Let p be -3 + l - 3*-1. What is the remainder when 32 is divided by (2 - -11) + (0 - p)?
10
Let z(c) = -33*c**3. Calculate the remainder when z(-1) is divided by 9.
6
Let v(n) be the third derivative of -n**6/120 + n**5/60 + n**4/24 + 5*n**3/2 + 2*n**2. Suppose 0*c - 3*c = 0. What is the remainder when v(c) is divided by 8?
7
Suppose -5*o + 0*o - 5 = -i, i - o - 13 = 0. Suppose -8*u + 64 = -0*u. What is the remainder when i is divided by u?
7
Suppose 12 = 4*m, l = m + m + 2. Let z(t) = 6*t - 11. Suppose g + 13 = 2*g. Calculate the remainder when z(l) is divided by g.
11
Suppose a - 17 = 2*c, 2*c + 9 = 2*a - 17. Let v = 56 - 51. What is the remainder when a is divided by v?
4
Let y = 3 + -5. What is the remainder when 3/y*-14 + 1 is divided by 12?
10
Suppose 11*y + 206 = 701. What is the remainder when y is divided by 16?
13
Calculate the remainder when 54 is divided by (-65)/(-6) + 10/60.
10
Let q(v) = -v**2 - 8*v - 4. Let b(y) = y**3 + 4*y**2 - 6*y - 2. Let i be b(-5). Let n(r) = 7*r - 1. What is the remainder when n(i) is divided by q(-5)?
9
What is the remainder when -1*3 + (48 - 8) is divided by 19?
18
Suppose 7*i - 2*i = 15. Let f be 0/(i/(-3) - -2). Suppose m + 3*m = 4*d - 128, f = -2*m + 10. What is the remainder when d is divided by 13?
11
Let z(i) = 5*i**2 - 4*i + 2. Suppose -3*c - 3*p + 80 = -64, -p - 217 = -4*c. What is the remainder when c is divided by z(2)?
11
Suppose 0 = 4*z, 3 = 2*s - 3*z - 1. Suppose 5*u - 42 = -s*r, 8*r = -u + 3*r - 10. What is the remainder when 19 is divided by u?
9
Let o = -66 - -74. What is the remainder when o is divided by 7?
1
Let p = 3 + 7. Calculate the remainder when 49 is divided by p.
9
Suppose 4*c = 3*x + 43, -2*c - x + 24 = 5. Let z(l) = -135*l**3 - l. Let w be z(-1). Let m = w - 97. What is the remainder when m is divided by c?
9
Suppose 14 = -t - 2*w, 2*t - 2*w + 18 = -4*w. Let b = t - -8. Suppose 2*u - b = 4. What is the remainder when 7 is divided by u?
3
Let a(k) be the first derivative of k**3/3 + 17*k**2/2 + 19*k - 8. Calculate the remainder when 10 is divided by a(-16).
1
What is the remainder when 99*((-16)/(-6))/8 is divided by 19?
14
Let q = 0 + 5. Suppose 0 = -3*f + q*n + 21, 2*n + 2 + 4 = 0. Suppose 4*b = 5*c + 15, -f*b - 5*c + 75 = 3*b. What is the remainder when 19 is divided by b?
9
Suppose -r - r + 114 = 0. What is the remainder when r is divided by 12?
9
Suppose n + 3*n + 5*s - 119 = 0, -3 = -s. Calculate the remainder when 102 is divided b